{"id":53,"date":"2026-04-09T05:43:23","date_gmt":"2026-04-09T03:43:23","guid":{"rendered":"https:\/\/mooshbakery.shop\/isabella\/?post_type=product&#038;p=53"},"modified":"2026-04-09T06:25:25","modified_gmt":"2026-04-09T04:25:25","slug":"minicake","status":"publish","type":"product","link":"https:\/\/mooshbakery.shop\/isabella\/producto\/minicake\/","title":{"rendered":"Tortas florales"},"content":{"rendered":"","protected":false},"excerpt":{"rendered":"<p><strong>TAMA\u00d1O 6 PORCIONES<\/strong><\/p>\n<p>Descubre la dulzura y la elegancia de nuestras Tortas con Flores, perfectas para cualquier celebraci\u00f3n. Cada pastel est\u00e1 delicadamente decorado con flores frescas y frutas jugosas, creando una presentaci\u00f3n que no solo es hermosa, sino tambi\u00e9n deliciosa.<\/p>\n<p>Estas tortas son ideales para cumplea\u00f1os, bodas o simplemente para disfrutar en una tarde especial. Con sabores irresistibles y un toque de naturaleza, cada bocado te transportar\u00e1 a un mundo de placer. \u00a1Haz tu pedido hoy y sorprende a tus seres queridos!<\/p>\n","protected":false},"featured_media":55,"comment_status":"open","ping_status":"closed","template":"","meta":{"_joinchat":[]},"product_brand":[],"product_cat":[17],"product_tag":[],"class_list":{"0":"post-53","1":"product","2":"type-product","3":"status-publish","4":"has-post-thumbnail","6":"product_cat-tortas-personalizadas","8":"first","9":"instock","10":"shipping-taxable","11":"purchasable","12":"product-type-simple"},"yoast_head":"<!-- This site is optimized with the Yoast SEO plugin v27.3 - https:\/\/yoast.com\/product\/yoast-seo-wordpress\/ -->\n<title>Tortas florales - Moosh Bakery<\/title>\n<meta name=\"robots\" content=\"index, follow, max-snippet:-1, max-image-preview:large, max-video-preview:-1\" \/>\n<link rel=\"canonical\" href=\"https:\/\/mooshbakery.shop\/isabella\/producto\/minicake\/\" \/>\n<meta property=\"og:locale\" content=\"es_ES\" \/>\n<meta property=\"og:type\" content=\"article\" \/>\n<meta property=\"og:title\" content=\"Tortas florales - Moosh Bakery\" \/>\n<meta property=\"og:description\" content=\"TAMA\u00d1O 6 PORCIONES  Descubre la dulzura y la elegancia de nuestras Tortas con Flores, perfectas para cualquier celebraci\u00f3n. Cada pastel est\u00e1 delicadamente decorado con flores frescas y frutas jugosas, creando una presentaci\u00f3n que no solo es hermosa, sino tambi\u00e9n deliciosa.  Estas tortas son ideales para cumplea\u00f1os, bodas o simplemente para disfrutar en una tarde especial. Con sabores irresistibles y un toque de naturaleza, cada bocado te transportar\u00e1 a un mundo de placer. \u00a1Haz tu pedido hoy y sorprende a tus seres queridos!\" \/>\n<meta property=\"og:url\" content=\"https:\/\/mooshbakery.shop\/isabella\/producto\/minicake\/\" \/>\n<meta property=\"og:site_name\" content=\"Moosh Bakery\" \/>\n<meta property=\"article:modified_time\" content=\"2026-04-09T04:25:25+00:00\" \/>\n<meta property=\"og:image\" content=\"https:\/\/mooshbakery.shop\/isabella\/wp-content\/uploads\/2026\/04\/8.png\" \/>\n\t<meta property=\"og:image:width\" content=\"1000\" \/>\n\t<meta property=\"og:image:height\" content=\"1000\" \/>\n\t<meta property=\"og:image:type\" content=\"image\/png\" \/>\n<meta name=\"twitter:card\" content=\"summary_large_image\" \/>\n<script type=\"application\/ld+json\" class=\"yoast-schema-graph\">{\"@context\":\"https:\\\/\\\/schema.org\",\"@graph\":[{\"@type\":\"WebPage\",\"@id\":\"https:\\\/\\\/mooshbakery.shop\\\/isabella\\\/producto\\\/minicake\\\/\",\"url\":\"https:\\\/\\\/mooshbakery.shop\\\/isabella\\\/producto\\\/minicake\\\/\",\"name\":\"Tortas florales - Moosh Bakery\",\"isPartOf\":{\"@id\":\"https:\\\/\\\/mooshbakery.shop\\\/isabella\\\/#website\"},\"primaryImageOfPage\":{\"@id\":\"https:\\\/\\\/mooshbakery.shop\\\/isabella\\\/producto\\\/minicake\\\/#primaryimage\"},\"image\":{\"@id\":\"https:\\\/\\\/mooshbakery.shop\\\/isabella\\\/producto\\\/minicake\\\/#primaryimage\"},\"thumbnailUrl\":\"https:\\\/\\\/mooshbakery.shop\\\/isabella\\\/wp-content\\\/uploads\\\/2026\\\/04\\\/8.png\",\"datePublished\":\"2026-04-09T03:43:23+00:00\",\"dateModified\":\"2026-04-09T04:25:25+00:00\",\"breadcrumb\":{\"@id\":\"https:\\\/\\\/mooshbakery.shop\\\/isabella\\\/producto\\\/minicake\\\/#breadcrumb\"},\"inLanguage\":\"es\",\"potentialAction\":[{\"@type\":\"ReadAction\",\"target\":[\"https:\\\/\\\/mooshbakery.shop\\\/isabella\\\/producto\\\/minicake\\\/\"]}]},{\"@type\":\"ImageObject\",\"inLanguage\":\"es\",\"@id\":\"https:\\\/\\\/mooshbakery.shop\\\/isabella\\\/producto\\\/minicake\\\/#primaryimage\",\"url\":\"https:\\\/\\\/mooshbakery.shop\\\/isabella\\\/wp-content\\\/uploads\\\/2026\\\/04\\\/8.png\",\"contentUrl\":\"https:\\\/\\\/mooshbakery.shop\\\/isabella\\\/wp-content\\\/uploads\\\/2026\\\/04\\\/8.png\",\"width\":1000,\"height\":1000,\"caption\":\"Torta con flores\"},{\"@type\":\"BreadcrumbList\",\"@id\":\"https:\\\/\\\/mooshbakery.shop\\\/isabella\\\/producto\\\/minicake\\\/#breadcrumb\",\"itemListElement\":[{\"@type\":\"ListItem\",\"position\":1,\"name\":\"Portada\",\"item\":\"https:\\\/\\\/mooshbakery.shop\\\/isabella\\\/\"},{\"@type\":\"ListItem\",\"position\":2,\"name\":\"Tienda\",\"item\":\"https:\\\/\\\/mooshbakery.shop\\\/isabella\\\/tienda\\\/\"},{\"@type\":\"ListItem\",\"position\":3,\"name\":\"Tortas florales\"}]},{\"@type\":\"WebSite\",\"@id\":\"https:\\\/\\\/mooshbakery.shop\\\/isabella\\\/#website\",\"url\":\"https:\\\/\\\/mooshbakery.shop\\\/isabella\\\/\",\"name\":\"Moosh Bakery\",\"description\":\"\",\"potentialAction\":[{\"@type\":\"SearchAction\",\"target\":{\"@type\":\"EntryPoint\",\"urlTemplate\":\"https:\\\/\\\/mooshbakery.shop\\\/isabella\\\/?s={search_term_string}\"},\"query-input\":{\"@type\":\"PropertyValueSpecification\",\"valueRequired\":true,\"valueName\":\"search_term_string\"}}],\"inLanguage\":\"es\"}]}<\/script>\n<!-- \/ Yoast SEO plugin. -->","yoast_head_json":{"title":"Tortas florales - Moosh Bakery","robots":{"index":"index","follow":"follow","max-snippet":"max-snippet:-1","max-image-preview":"max-image-preview:large","max-video-preview":"max-video-preview:-1"},"canonical":"https:\/\/mooshbakery.shop\/isabella\/producto\/minicake\/","og_locale":"es_ES","og_type":"article","og_title":"Tortas florales - Moosh Bakery","og_description":"TAMA\u00d1O 6 PORCIONES  Descubre la dulzura y la elegancia de nuestras Tortas con Flores, perfectas para cualquier celebraci\u00f3n. Cada pastel est\u00e1 delicadamente decorado con flores frescas y frutas jugosas, creando una presentaci\u00f3n que no solo es hermosa, sino tambi\u00e9n deliciosa.  Estas tortas son ideales para cumplea\u00f1os, bodas o simplemente para disfrutar en una tarde especial. Con sabores irresistibles y un toque de naturaleza, cada bocado te transportar\u00e1 a un mundo de placer. \u00a1Haz tu pedido hoy y sorprende a tus seres queridos!","og_url":"https:\/\/mooshbakery.shop\/isabella\/producto\/minicake\/","og_site_name":"Moosh Bakery","article_modified_time":"2026-04-09T04:25:25+00:00","og_image":[{"width":1000,"height":1000,"url":"https:\/\/mooshbakery.shop\/isabella\/wp-content\/uploads\/2026\/04\/8.png","type":"image\/png"}],"twitter_card":"summary_large_image","schema":{"@context":"https:\/\/schema.org","@graph":[{"@type":"WebPage","@id":"https:\/\/mooshbakery.shop\/isabella\/producto\/minicake\/","url":"https:\/\/mooshbakery.shop\/isabella\/producto\/minicake\/","name":"Tortas florales - Moosh Bakery","isPartOf":{"@id":"https:\/\/mooshbakery.shop\/isabella\/#website"},"primaryImageOfPage":{"@id":"https:\/\/mooshbakery.shop\/isabella\/producto\/minicake\/#primaryimage"},"image":{"@id":"https:\/\/mooshbakery.shop\/isabella\/producto\/minicake\/#primaryimage"},"thumbnailUrl":"https:\/\/mooshbakery.shop\/isabella\/wp-content\/uploads\/2026\/04\/8.png","datePublished":"2026-04-09T03:43:23+00:00","dateModified":"2026-04-09T04:25:25+00:00","breadcrumb":{"@id":"https:\/\/mooshbakery.shop\/isabella\/producto\/minicake\/#breadcrumb"},"inLanguage":"es","potentialAction":[{"@type":"ReadAction","target":["https:\/\/mooshbakery.shop\/isabella\/producto\/minicake\/"]}]},{"@type":"ImageObject","inLanguage":"es","@id":"https:\/\/mooshbakery.shop\/isabella\/producto\/minicake\/#primaryimage","url":"https:\/\/mooshbakery.shop\/isabella\/wp-content\/uploads\/2026\/04\/8.png","contentUrl":"https:\/\/mooshbakery.shop\/isabella\/wp-content\/uploads\/2026\/04\/8.png","width":1000,"height":1000,"caption":"Torta con flores"},{"@type":"BreadcrumbList","@id":"https:\/\/mooshbakery.shop\/isabella\/producto\/minicake\/#breadcrumb","itemListElement":[{"@type":"ListItem","position":1,"name":"Portada","item":"https:\/\/mooshbakery.shop\/isabella\/"},{"@type":"ListItem","position":2,"name":"Tienda","item":"https:\/\/mooshbakery.shop\/isabella\/tienda\/"},{"@type":"ListItem","position":3,"name":"Tortas florales"}]},{"@type":"WebSite","@id":"https:\/\/mooshbakery.shop\/isabella\/#website","url":"https:\/\/mooshbakery.shop\/isabella\/","name":"Moosh Bakery","description":"","potentialAction":[{"@type":"SearchAction","target":{"@type":"EntryPoint","urlTemplate":"https:\/\/mooshbakery.shop\/isabella\/?s={search_term_string}"},"query-input":{"@type":"PropertyValueSpecification","valueRequired":true,"valueName":"search_term_string"}}],"inLanguage":"es"}]}},"_links":{"self":[{"href":"https:\/\/mooshbakery.shop\/isabella\/wp-json\/wp\/v2\/product\/53","targetHints":{"allow":["GET"]}}],"collection":[{"href":"https:\/\/mooshbakery.shop\/isabella\/wp-json\/wp\/v2\/product"}],"about":[{"href":"https:\/\/mooshbakery.shop\/isabella\/wp-json\/wp\/v2\/types\/product"}],"replies":[{"embeddable":true,"href":"https:\/\/mooshbakery.shop\/isabella\/wp-json\/wp\/v2\/comments?post=53"}],"wp:featuredmedia":[{"embeddable":true,"href":"https:\/\/mooshbakery.shop\/isabella\/wp-json\/wp\/v2\/media\/55"}],"wp:attachment":[{"href":"https:\/\/mooshbakery.shop\/isabella\/wp-json\/wp\/v2\/media?parent=53"}],"wp:term":[{"taxonomy":"product_brand","embeddable":true,"href":"https:\/\/mooshbakery.shop\/isabella\/wp-json\/wp\/v2\/product_brand?post=53"},{"taxonomy":"product_cat","embeddable":true,"href":"https:\/\/mooshbakery.shop\/isabella\/wp-json\/wp\/v2\/product_cat?post=53"},{"taxonomy":"product_tag","embeddable":true,"href":"https:\/\/mooshbakery.shop\/isabella\/wp-json\/wp\/v2\/product_tag?post=53"}],"curies":[{"name":"wp","href":"https:\/\/api.w.org\/{rel}","templated":true}]}}